{"id":10189,"date":"2020-06-03T02:08:03","date_gmt":"2020-06-03T05:08:03","guid":{"rendered":"https:\/\/www.applausonissan.com.br\/itapetininga\/vendas-diretas-2\/"},"modified":"2026-03-10T23:32:20","modified_gmt":"2026-03-11T02:32:20","slug":"vendas-diretas","status":"publish","type":"page","link":"https:\/\/www.applausonissan.com.br\/itapetininga\/vendas-diretas\/","title":{"rendered":"Vendas diretas"},"content":{"rendered":"\t\t<div data-elementor-type=\"wp-page\" data-elementor-id=\"10189\" class=\"elementor elementor-10189\" data-elementor-post-type=\"page\">\n\t\t\t\t\t\t<section class=\"elementor-section elementor-top-section elementor-element elementor-element-95b4e25 elementor-section-content-bottom elementor-section-full_width elementor-section-height-default elementor-section-height-default\" data-id=\"95b4e25\" data-element_type=\"section\" data-e-type=\"section\" id=\"banner\" data-settings=\"{&quot;background_background&quot;:&quot;classic&quot;}\">\n\t\t\t\t\t\t<div class=\"elementor-container elementor-column-gap-no\">\n\t\t\t\t\t<div class=\"elementor-column elementor-col-100 elementor-top-column elementor-element elementor-element-2ba8d25\" data-id=\"2ba8d25\" data-element_type=\"column\" data-e-type=\"column\">\n\t\t\t<div class=\"elementor-widget-wrap elementor-element-populated\">\n\t\t\t\t\t\t<div class=\"elementor-element elementor-element-f33f7a9 elementor-hidden-tablet elementor-hidden-mobile elementor-widget elementor-widget-shortcode\" data-id=\"f33f7a9\" data-element_type=\"widget\" data-e-type=\"widget\" data-widget_type=\"shortcode.default\">\n\t\t\t\t\t\t\t<div class=\"elementor-shortcode\"><div class=\"applauso-nissan-banners-desktop \"><img decoding=\"async\" src=\"https:\/\/www.applausonissan.com.br\/itapetininga\/wp-content\/uploads\/2026\/03\/Veiculos-Nissan-lado-a-lado-desktop.jpeg\" alt=\"Veiculos Nissan lado a lado\"><\/div><\/div>\n\t\t\t\t\t\t<\/div>\n\t\t\t\t<div class=\"elementor-element elementor-element-156c1f9 elementor-hidden-desktop elementor-widget elementor-widget-shortcode\" data-id=\"156c1f9\" data-element_type=\"widget\" data-e-type=\"widget\" data-widget_type=\"shortcode.default\">\n\t\t\t\t\t\t\t<div class=\"elementor-shortcode\"><section class=\"applauso-nissan-banners-mobile \"><img decoding=\"async\" src=\"https:\/\/www.applausonissan.com.br\/itapetininga\/wp-content\/uploads\/2026\/03\/Veiculos-Nissan-lado-a-lado-celular.jpeg\" alt=\"Veiculos Nissan lado a lado\"><\/section><\/div>\n\t\t\t\t\t\t<\/div>\n\t\t\t\t\t<\/div>\n\t\t<\/div>\n\t\t\t\t\t<\/div>\n\t\t<\/section>\n\t\t\t\t<section class=\"elementor-section elementor-top-section elementor-element elementor-element-cb2ec27 elementor-section-boxed elementor-section-height-default elementor-section-height-default\" data-id=\"cb2ec27\" data-element_type=\"section\" data-e-type=\"section\">\n\t\t\t\t\t\t<div class=\"elementor-container elementor-column-gap-default\">\n\t\t\t\t\t<div class=\"elementor-column elementor-col-100 elementor-top-column elementor-element elementor-element-e8e7b5c\" data-id=\"e8e7b5c\" data-element_type=\"column\" data-e-type=\"column\">\n\t\t\t<div class=\"elementor-widget-wrap elementor-element-populated\">\n\t\t\t\t\t\t<div class=\"elementor-element elementor-element-485c5cd elementor-widget elementor-widget-text-editor\" data-id=\"485c5cd\" data-element_type=\"widget\" data-e-type=\"widget\" data-widget_type=\"text-editor.default\">\n\t\t\t\t\t\t\t\t\tSolu\u00e7\u00f5es pensadas para pessoas e organiza\u00e7\u00f5es com necessidades diferentes.<br \/>\r\nAqui voc\u00ea tem acesso a condi\u00e7\u00f5es exclusivas e um time de consultores especializados. Tudo para ajudar voc\u00ea a encontrar o Nissan que mais combina com o dia a dia dos seus neg\u00f3cios.\t\t\t\t\t\t\t\t<\/div>\n\t\t\t\t<div class=\"elementor-element elementor-element-b2eefbd elementor-widget elementor-widget-shortcode\" data-id=\"b2eefbd\" data-element_type=\"widget\" data-e-type=\"widget\" data-widget_type=\"shortcode.default\">\n\t\t\t\t\t\t\t<div class=\"elementor-shortcode\"><div class=\"applauso-nissan-loop-vendas-diretas-grid\">\r\n            <article class=\"applauso-nissan-loop-vendas-diretas-item\">\r\n\r\n                                    <a href=\"#\" class=\"applauso-nissan-open-popup-formulario\">\r\n                        <img decoding=\"async\" class=\"applauso-nissan-loop-vendas-diretas-thumbnail\" src=\"https:\/\/www.applausonissan.com.br\/itapetininga\/wp-content\/uploads\/2026\/03\/Nissan-Kicks-de-frente-e1773196693777.jpeg\" alt=\"CNPJ\">\r\n\r\n                    \r\n                                            <h2 class=\"applauso-nissan-loop-vendas-diretas-title\">\r\n                            CNPJ                        <\/h2>\r\n                    \r\n                    <\/a>\r\n\r\n            <\/article>\r\n\r\n\r\n            <article class=\"applauso-nissan-loop-vendas-diretas-item\">\r\n\r\n                                    <a href=\"#\" class=\"applauso-nissan-open-popup-formulario\">\r\n                        <img decoding=\"async\" class=\"applauso-nissan-loop-vendas-diretas-thumbnail\" src=\"https:\/\/www.applausonissan.com.br\/itapetininga\/wp-content\/uploads\/2026\/01\/Nissan-Kait-1-e1773327396903.jpg\" alt=\"Frotista\">\r\n\r\n                    \r\n                                            <h2 class=\"applauso-nissan-loop-vendas-diretas-title\">\r\n                            Frotista                        <\/h2>\r\n                    \r\n                    <\/a>\r\n\r\n            <\/article>\r\n\r\n\r\n            <article class=\"applauso-nissan-loop-vendas-diretas-item\">\r\n\r\n                                    <a href=\"#\" class=\"applauso-nissan-open-popup-formulario\">\r\n                        <img decoding=\"async\" class=\"applauso-nissan-loop-vendas-diretas-thumbnail\" src=\"https:\/\/www.applausonissan.com.br\/itapetininga\/wp-content\/uploads\/2020\/05\/applauso-nissan_banner-480x378-versa.jpg\" alt=\"Motorista de APP\">\r\n\r\n                    \r\n                                            <h2 class=\"applauso-nissan-loop-vendas-diretas-title\">\r\n                            Motorista de APP                        <\/h2>\r\n                    \r\n                    <\/a>\r\n\r\n            <\/article>\r\n\r\n\r\n            <article class=\"applauso-nissan-loop-vendas-diretas-item\">\r\n\r\n                                    <a href=\"#\" class=\"applauso-nissan-open-popup-formulario\">\r\n                        <img decoding=\"async\" class=\"applauso-nissan-loop-vendas-diretas-thumbnail\" src=\"https:\/\/www.applausonissan.com.br\/itapetininga\/wp-content\/uploads\/2026\/03\/Nissan-Kicks-parte-traseira-e1773326906408.jpeg\" alt=\"PCD\">\r\n\r\n                    \r\n                                            <h2 class=\"applauso-nissan-loop-vendas-diretas-title\">\r\n                            PCD                        <\/h2>\r\n                    \r\n                    <\/a>\r\n\r\n            <\/article>\r\n\r\n\r\n            <article class=\"applauso-nissan-loop-vendas-diretas-item\">\r\n\r\n                                    <a href=\"#\" class=\"applauso-nissan-open-popup-formulario\">\r\n                        <img decoding=\"async\" class=\"applauso-nissan-loop-vendas-diretas-thumbnail\" src=\"https:\/\/www.applausonissan.com.br\/itapetininga\/wp-content\/uploads\/2020\/05\/applauso-nissan_banner-480x378-frontier.jpg\" alt=\"Produtor Rural\">\r\n\r\n                    \r\n                                            <h2 class=\"applauso-nissan-loop-vendas-diretas-title\">\r\n                            Produtor Rural                        <\/h2>\r\n                    \r\n                    <\/a>\r\n\r\n            <\/article>\r\n\r\n\r\n            <article class=\"applauso-nissan-loop-vendas-diretas-item\">\r\n\r\n                                    <a href=\"#\" class=\"applauso-nissan-open-popup-formulario\">\r\n                        <img decoding=\"async\" class=\"applauso-nissan-loop-vendas-diretas-thumbnail\" src=\"https:\/\/www.applausonissan.com.br\/itapetininga\/wp-content\/uploads\/2020\/05\/applauso-nissan_banner-480x378-versa.jpg\" alt=\"Taxista\">\r\n\r\n                    \r\n                                            <h2 class=\"applauso-nissan-loop-vendas-diretas-title\">\r\n                            Taxista                        <\/h2>\r\n                    \r\n                    <\/a>\r\n\r\n            <\/article>\r\n\r\n<\/div><\/div>\n\t\t\t\t\t\t<\/div>\n\t\t\t\t\t<\/div>\n\t\t<\/div>\n\t\t\t\t\t<\/div>\n\t\t<\/section>\n\t\t\t\t<section class=\"elementor-section elementor-top-section elementor-element elementor-element-6957127a elementor-section-full_width elementor-section-height-default elementor-section-height-default\" data-id=\"6957127a\" data-element_type=\"section\" data-e-type=\"section\">\n\t\t\t\t\t\t<div class=\"elementor-container elementor-column-gap-no\">\n\t\t\t\t\t<div class=\"elementor-column elementor-col-100 elementor-top-column elementor-element elementor-element-444d7703\" data-id=\"444d7703\" data-element_type=\"column\" data-e-type=\"column\">\n\t\t\t<div class=\"elementor-widget-wrap elementor-element-populated\">\n\t\t\t\t\t\t<div class=\"elementor-element elementor-element-6ccb4d0c elementor-widget__width-auto elementor-absolute elementor-hidden-desktop elementor-hidden-tablet elementor-hidden-phone elementor-widget elementor-widget-image\" data-id=\"6ccb4d0c\" data-element_type=\"widget\" data-e-type=\"widget\" id=\"botao_flutuante\" data-settings=\"{&quot;_position&quot;:&quot;absolute&quot;}\" data-widget_type=\"image.default\">\n\t\t\t\t\t\t\t\t\t\t\t\t\t\t\t\t<a href=\"#elementor-action%3Aaction%3Dpopup%3Aopen%26settings%3DeyJpZCI6IjE5MjkiLCJ0b2dnbGUiOmZhbHNlfQ%3D%3D\">\n\t\t\t\t\t\t\t<img decoding=\"async\" width=\"119\" height=\"119\" src=\"https:\/\/www.applausonissan.com.br\/itapetininga\/wp-content\/uploads\/sites\/3\/2020\/05\/CTA-FLUTUANTE.png\" class=\"attachment-full size-full wp-image-2062\" alt=\"Bot\u00e3o flutuante\" \/>\t\t\t\t\t\t\t\t<\/a>\n\t\t\t\t\t\t\t\t\t\t\t\t\t\t\t<\/div>\n\t\t\t\t\t<\/div>\n\t\t<\/div>\n\t\t\t\t\t<\/div>\n\t\t<\/section>\n\t\t\t\t<\/div>\n\t\t","protected":false},"excerpt":{"rendered":"","protected":false},"author":1,"featured_media":0,"parent":0,"menu_order":0,"comment_status":"closed","ping_status":"closed","template":"elementor_header_footer","meta":{"_acf_changed":false,"footnotes":""},"class_list":["post-10189","page","type-page","status-publish","hentry"],"acf":[],"yoast_head":"<!-- This site is optimized with the Yoast SEO plugin v27.4 - https:\/\/yoast.com\/product\/yoast-seo-wordpress\/ -->\n<title>Vendas diretas - Appl\u00e0uso Nissan Itapetininga<\/title>\n<meta name=\"robots\" content=\"index, follow, max-snippet:-1, max-image-preview:large, max-video-preview:-1\" \/>\n<link rel=\"canonical\" href=\"https:\/\/www.applausonissan.com.br\/itapetininga\/vendas-diretas\/\" \/>\n<meta property=\"og:locale\" content=\"pt_BR\" \/>\n<meta property=\"og:type\" content=\"article\" \/>\n<meta property=\"og:title\" content=\"Vendas diretas - Appl\u00e0uso Nissan Itapetininga\" \/>\n<meta property=\"og:url\" content=\"https:\/\/www.applausonissan.com.br\/itapetininga\/vendas-diretas\/\" \/>\n<meta property=\"og:site_name\" content=\"Appl\u00e0uso Nissan Itapetininga\" \/>\n<meta property=\"article:modified_time\" content=\"2026-03-11T02:32:20+00:00\" \/>\n<meta property=\"og:image\" content=\"https:\/\/www.applausonissan.com.br\/wp-content\/uploads\/2020\/05\/CTA-FLUTUANTE.png\" \/>\n<meta name=\"twitter:card\" content=\"summary_large_image\" \/>\n<meta name=\"twitter:label1\" content=\"Est. tempo de leitura\" \/>\n\t<meta name=\"twitter:data1\" content=\"1 minuto\" \/>\n<script type=\"application\/ld+json\" class=\"yoast-schema-graph\">{\"@context\":\"https:\\\/\\\/schema.org\",\"@graph\":[{\"@type\":\"WebPage\",\"@id\":\"https:\\\/\\\/www.applausonissan.com.br\\\/itapetininga\\\/vendas-diretas\\\/\",\"url\":\"https:\\\/\\\/www.applausonissan.com.br\\\/itapetininga\\\/vendas-diretas\\\/\",\"name\":\"Vendas diretas - Appl\u00e0uso Nissan Itapetininga\",\"isPartOf\":{\"@id\":\"https:\\\/\\\/www.applausonissan.com.br\\\/itapetininga\\\/#website\"},\"primaryImageOfPage\":{\"@id\":\"https:\\\/\\\/www.applausonissan.com.br\\\/itapetininga\\\/vendas-diretas\\\/#primaryimage\"},\"image\":{\"@id\":\"https:\\\/\\\/www.applausonissan.com.br\\\/itapetininga\\\/vendas-diretas\\\/#primaryimage\"},\"thumbnailUrl\":\"https:\\\/\\\/www.applausonissan.com.br\\\/wp-content\\\/uploads\\\/2020\\\/05\\\/CTA-FLUTUANTE.png\",\"datePublished\":\"2020-06-03T05:08:03+00:00\",\"dateModified\":\"2026-03-11T02:32:20+00:00\",\"breadcrumb\":{\"@id\":\"https:\\\/\\\/www.applausonissan.com.br\\\/itapetininga\\\/vendas-diretas\\\/#breadcrumb\"},\"inLanguage\":\"pt-BR\",\"potentialAction\":[{\"@type\":\"ReadAction\",\"target\":[\"https:\\\/\\\/www.applausonissan.com.br\\\/itapetininga\\\/vendas-diretas\\\/\"]}]},{\"@type\":\"ImageObject\",\"inLanguage\":\"pt-BR\",\"@id\":\"https:\\\/\\\/www.applausonissan.com.br\\\/itapetininga\\\/vendas-diretas\\\/#primaryimage\",\"url\":\"https:\\\/\\\/www.applausonissan.com.br\\\/wp-content\\\/uploads\\\/2020\\\/05\\\/CTA-FLUTUANTE.png\",\"contentUrl\":\"https:\\\/\\\/www.applausonissan.com.br\\\/wp-content\\\/uploads\\\/2020\\\/05\\\/CTA-FLUTUANTE.png\"},{\"@type\":\"BreadcrumbList\",\"@id\":\"https:\\\/\\\/www.applausonissan.com.br\\\/itapetininga\\\/vendas-diretas\\\/#breadcrumb\",\"itemListElement\":[{\"@type\":\"ListItem\",\"position\":1,\"name\":\"In\u00edcio\",\"item\":\"https:\\\/\\\/www.applausonissan.com.br\\\/itapetininga\\\/\"},{\"@type\":\"ListItem\",\"position\":2,\"name\":\"Vendas diretas\"}]},{\"@type\":\"WebSite\",\"@id\":\"https:\\\/\\\/www.applausonissan.com.br\\\/itapetininga\\\/#website\",\"url\":\"https:\\\/\\\/www.applausonissan.com.br\\\/itapetininga\\\/\",\"name\":\"Appl\u00e0uso Nissan Itapetininga\",\"description\":\"\",\"potentialAction\":[{\"@type\":\"SearchAction\",\"target\":{\"@type\":\"EntryPoint\",\"urlTemplate\":\"https:\\\/\\\/www.applausonissan.com.br\\\/itapetininga\\\/?s={search_term_string}\"},\"query-input\":{\"@type\":\"PropertyValueSpecification\",\"valueRequired\":true,\"valueName\":\"search_term_string\"}}],\"inLanguage\":\"pt-BR\"}]}<\/script>\n<!-- \/ Yoast SEO plugin. -->","yoast_head_json":{"title":"Vendas diretas - Appl\u00e0uso Nissan Itapetininga","robots":{"index":"index","follow":"follow","max-snippet":"max-snippet:-1","max-image-preview":"max-image-preview:large","max-video-preview":"max-video-preview:-1"},"canonical":"https:\/\/www.applausonissan.com.br\/itapetininga\/vendas-diretas\/","og_locale":"pt_BR","og_type":"article","og_title":"Vendas diretas - Appl\u00e0uso Nissan Itapetininga","og_url":"https:\/\/www.applausonissan.com.br\/itapetininga\/vendas-diretas\/","og_site_name":"Appl\u00e0uso Nissan Itapetininga","article_modified_time":"2026-03-11T02:32:20+00:00","og_image":[{"url":"https:\/\/www.applausonissan.com.br\/wp-content\/uploads\/2020\/05\/CTA-FLUTUANTE.png","type":"","width":"","height":""}],"twitter_card":"summary_large_image","twitter_misc":{"Est. tempo de leitura":"1 minuto"},"schema":{"@context":"https:\/\/schema.org","@graph":[{"@type":"WebPage","@id":"https:\/\/www.applausonissan.com.br\/itapetininga\/vendas-diretas\/","url":"https:\/\/www.applausonissan.com.br\/itapetininga\/vendas-diretas\/","name":"Vendas diretas - Appl\u00e0uso Nissan Itapetininga","isPartOf":{"@id":"https:\/\/www.applausonissan.com.br\/itapetininga\/#website"},"primaryImageOfPage":{"@id":"https:\/\/www.applausonissan.com.br\/itapetininga\/vendas-diretas\/#primaryimage"},"image":{"@id":"https:\/\/www.applausonissan.com.br\/itapetininga\/vendas-diretas\/#primaryimage"},"thumbnailUrl":"https:\/\/www.applausonissan.com.br\/wp-content\/uploads\/2020\/05\/CTA-FLUTUANTE.png","datePublished":"2020-06-03T05:08:03+00:00","dateModified":"2026-03-11T02:32:20+00:00","breadcrumb":{"@id":"https:\/\/www.applausonissan.com.br\/itapetininga\/vendas-diretas\/#breadcrumb"},"inLanguage":"pt-BR","potentialAction":[{"@type":"ReadAction","target":["https:\/\/www.applausonissan.com.br\/itapetininga\/vendas-diretas\/"]}]},{"@type":"ImageObject","inLanguage":"pt-BR","@id":"https:\/\/www.applausonissan.com.br\/itapetininga\/vendas-diretas\/#primaryimage","url":"https:\/\/www.applausonissan.com.br\/wp-content\/uploads\/2020\/05\/CTA-FLUTUANTE.png","contentUrl":"https:\/\/www.applausonissan.com.br\/wp-content\/uploads\/2020\/05\/CTA-FLUTUANTE.png"},{"@type":"BreadcrumbList","@id":"https:\/\/www.applausonissan.com.br\/itapetininga\/vendas-diretas\/#breadcrumb","itemListElement":[{"@type":"ListItem","position":1,"name":"In\u00edcio","item":"https:\/\/www.applausonissan.com.br\/itapetininga\/"},{"@type":"ListItem","position":2,"name":"Vendas diretas"}]},{"@type":"WebSite","@id":"https:\/\/www.applausonissan.com.br\/itapetininga\/#website","url":"https:\/\/www.applausonissan.com.br\/itapetininga\/","name":"Appl\u00e0uso Nissan Itapetininga","description":"","potentialAction":[{"@type":"SearchAction","target":{"@type":"EntryPoint","urlTemplate":"https:\/\/www.applausonissan.com.br\/itapetininga\/?s={search_term_string}"},"query-input":{"@type":"PropertyValueSpecification","valueRequired":true,"valueName":"search_term_string"}}],"inLanguage":"pt-BR"}]}},"_links":{"self":[{"href":"https:\/\/www.applausonissan.com.br\/itapetininga\/wp-json\/wp\/v2\/pages\/10189","targetHints":{"allow":["GET"]}}],"collection":[{"href":"https:\/\/www.applausonissan.com.br\/itapetininga\/wp-json\/wp\/v2\/pages"}],"about":[{"href":"https:\/\/www.applausonissan.com.br\/itapetininga\/wp-json\/wp\/v2\/types\/page"}],"author":[{"embeddable":true,"href":"https:\/\/www.applausonissan.com.br\/itapetininga\/wp-json\/wp\/v2\/users\/1"}],"replies":[{"embeddable":true,"href":"https:\/\/www.applausonissan.com.br\/itapetininga\/wp-json\/wp\/v2\/comments?post=10189"}],"version-history":[{"count":4,"href":"https:\/\/www.applausonissan.com.br\/itapetininga\/wp-json\/wp\/v2\/pages\/10189\/revisions"}],"predecessor-version":[{"id":11219,"href":"https:\/\/www.applausonissan.com.br\/itapetininga\/wp-json\/wp\/v2\/pages\/10189\/revisions\/11219"}],"wp:attachment":[{"href":"https:\/\/www.applausonissan.com.br\/itapetininga\/wp-json\/wp\/v2\/media?parent=10189"}],"curies":[{"name":"wp","href":"https:\/\/api.w.org\/{rel}","templated":true}]}}