{"id":3753,"date":"2020-10-22T02:55:40","date_gmt":"2020-10-22T05:55:40","guid":{"rendered":"https:\/\/www.applausonissan.com.br\/tatui\/?page_id=3753"},"modified":"2020-10-22T02:56:33","modified_gmt":"2020-10-22T05:56:33","slug":"cookies","status":"publish","type":"page","link":"https:\/\/www.applausonissan.com.br\/tatui\/cookies\/","title":{"rendered":"Cookies"},"content":{"rendered":"\t\t<div data-elementor-type=\"wp-page\" data-elementor-id=\"3753\" class=\"elementor elementor-3753\" data-elementor-post-type=\"page\">\n\t\t\t\t\t\t<section class=\"elementor-section elementor-top-section elementor-element elementor-element-4650a6cf elementor-section-boxed elementor-section-height-default elementor-section-height-default\" data-id=\"4650a6cf\" data-element_type=\"section\" data-e-type=\"section\">\n\t\t\t\t\t\t<div class=\"elementor-container elementor-column-gap-default\">\n\t\t\t\t\t<div class=\"elementor-column elementor-col-100 elementor-top-column elementor-element elementor-element-6f62787c\" data-id=\"6f62787c\" data-element_type=\"column\" data-e-type=\"column\">\n\t\t\t<div class=\"elementor-widget-wrap elementor-element-populated\">\n\t\t\t\t\t\t<div class=\"elementor-element elementor-element-366f0acf elementor-widget elementor-widget-heading\" data-id=\"366f0acf\" data-element_type=\"widget\" data-e-type=\"widget\" data-widget_type=\"heading.default\">\n\t\t\t\t\t<h1 class=\"elementor-heading-title elementor-size-default\">Cookies<\/h1>\t\t\t\t<\/div>\n\t\t\t\t<div class=\"elementor-element elementor-element-57e3c71c elementor-widget elementor-widget-text-editor\" data-id=\"57e3c71c\" data-element_type=\"widget\" data-e-type=\"widget\" data-widget_type=\"text-editor.default\">\n\t\t\t\t\t\t\t\t\tAo acessar nosso site, um cookie poder\u00e1 ser implantado no seu micro. Um cookie \u00e9 um pequeno bloco de dados que \u00e9 enviado ao seu navegador por um servidor web e gravado no disco r\u00edgido de seu micro. Esse processo n\u00e3o nos permite identificar voc\u00ea pessoalmente. Apenas faz com que gravemos informa\u00e7\u00f5es da sua navega\u00e7\u00e3o em nosso site (as p\u00e1ginas que voc\u00ea consultou, as datas e hora de visita, etc.). Podemos tamb\u00e9m usar os cookies para personalizar an\u00fancios que sejam mais relevantes a voc\u00ea.<br>\nCaso queira desabilitar os cookies, configure seu navegador do seguinte modo: se voc\u00ea navega na Internet com o Internet Explorer 3 ou 4 (Microsoft) clique exibir \u201cop\u00e7\u00f5es da internet\u201d, \u201cavan\u00e7adas\u201d. Entre diferentes configura\u00e7\u00f5es, a quarta chamada de \u201cconfirmar antes de aceitar \u201ccookies\u201d, e apenas no Internet Explorer 4, a \u201cop\u00e7\u00e3o\u201d \u00e9 chamada \u201cdesativar a utiliza\u00e7\u00e3o dos \u201ccookies\u201d. Assim, dependendo da configura\u00e7\u00e3o de seu micro voc\u00ea poder\u00e1 ser avisado antes de receber \u201ccookies\u201d.\nVoc\u00ea ainda poder\u00e1 apagar os \u201ccookies\u201d a qualquer momento e individualmente utilizando o manual de seu micro.\t\t\t\t\t\t\t\t<\/div>\n\t\t\t\t\t<\/div>\n\t\t<\/div>\n\t\t\t\t\t<\/div>\n\t\t<\/section>\n\t\t\t\t<\/div>\n\t\t","protected":false},"excerpt":{"rendered":"<p>Cookies Ao acessar nosso site, um cookie poder\u00e1 ser implantado no seu micro. Um cookie \u00e9 um pequeno bloco de dados que \u00e9 enviado ao seu navegador por um servidor web e gravado no disco r\u00edgido de seu micro. Esse processo n\u00e3o nos permite identificar voc\u00ea pessoalmente. Apenas faz com que gravemos informa\u00e7\u00f5es da sua <a href=\"https:\/\/www.applausonissan.com.br\/tatui\/cookies\/\" class=\"more-link\">&#8230;<span class=\"screen-reader-text\">  Cookies<\/span><\/a><\/p>\n","protected":false},"author":1,"featured_media":0,"parent":0,"menu_order":0,"comment_status":"closed","ping_status":"closed","template":"elementor_header_footer","meta":{"_acf_changed":false,"footnotes":""},"class_list":["post-3753","page","type-page","status-publish","hentry"],"acf":[],"yoast_head":"<!-- This site is optimized with the Yoast SEO plugin v27.5 - https:\/\/yoast.com\/product\/yoast-seo-wordpress\/ -->\n<title>Cookies - Appl\u00e0uso Nissan Tatu\u00ed<\/title>\n<meta name=\"robots\" content=\"index, follow, max-snippet:-1, max-image-preview:large, max-video-preview:-1\" \/>\n<link rel=\"canonical\" href=\"https:\/\/www.applausonissan.com.br\/tatui\/cookies\/\" \/>\n<meta property=\"og:locale\" content=\"pt_BR\" \/>\n<meta property=\"og:type\" content=\"article\" \/>\n<meta property=\"og:title\" content=\"Cookies - Appl\u00e0uso Nissan Tatu\u00ed\" \/>\n<meta property=\"og:description\" content=\"Cookies Ao acessar nosso site, um cookie poder\u00e1 ser implantado no seu micro. Um cookie \u00e9 um pequeno bloco de dados que \u00e9 enviado ao seu navegador por um servidor web e gravado no disco r\u00edgido de seu micro. Esse processo n\u00e3o nos permite identificar voc\u00ea pessoalmente. Apenas faz com que gravemos informa\u00e7\u00f5es da sua ... Cookies\" \/>\n<meta property=\"og:url\" content=\"https:\/\/www.applausonissan.com.br\/tatui\/cookies\/\" \/>\n<meta property=\"og:site_name\" content=\"Appl\u00e0uso Nissan Tatu\u00ed\" \/>\n<meta property=\"article:modified_time\" content=\"2020-10-22T05:56:33+00:00\" \/>\n<meta name=\"twitter:card\" content=\"summary_large_image\" \/>\n<meta name=\"twitter:label1\" content=\"Est. tempo de leitura\" \/>\n\t<meta name=\"twitter:data1\" content=\"1 minuto\" \/>\n<script type=\"application\/ld+json\" class=\"yoast-schema-graph\">{\"@context\":\"https:\\\/\\\/schema.org\",\"@graph\":[{\"@type\":\"WebPage\",\"@id\":\"https:\\\/\\\/www.applausonissan.com.br\\\/tatui\\\/cookies\\\/\",\"url\":\"https:\\\/\\\/www.applausonissan.com.br\\\/tatui\\\/cookies\\\/\",\"name\":\"Cookies - Appl\u00e0uso Nissan Tatu\u00ed\",\"isPartOf\":{\"@id\":\"https:\\\/\\\/www.applausonissan.com.br\\\/tatui\\\/#website\"},\"datePublished\":\"2020-10-22T05:55:40+00:00\",\"dateModified\":\"2020-10-22T05:56:33+00:00\",\"breadcrumb\":{\"@id\":\"https:\\\/\\\/www.applausonissan.com.br\\\/tatui\\\/cookies\\\/#breadcrumb\"},\"inLanguage\":\"pt-BR\",\"potentialAction\":[{\"@type\":\"ReadAction\",\"target\":[\"https:\\\/\\\/www.applausonissan.com.br\\\/tatui\\\/cookies\\\/\"]}]},{\"@type\":\"BreadcrumbList\",\"@id\":\"https:\\\/\\\/www.applausonissan.com.br\\\/tatui\\\/cookies\\\/#breadcrumb\",\"itemListElement\":[{\"@type\":\"ListItem\",\"position\":1,\"name\":\"In\u00edcio\",\"item\":\"https:\\\/\\\/www.applausonissan.com.br\\\/tatui\\\/\"},{\"@type\":\"ListItem\",\"position\":2,\"name\":\"Cookies\"}]},{\"@type\":\"WebSite\",\"@id\":\"https:\\\/\\\/www.applausonissan.com.br\\\/tatui\\\/#website\",\"url\":\"https:\\\/\\\/www.applausonissan.com.br\\\/tatui\\\/\",\"name\":\"Appl\u00e0uso Nissan Tatu\u00ed\",\"description\":\"\",\"potentialAction\":[{\"@type\":\"SearchAction\",\"target\":{\"@type\":\"EntryPoint\",\"urlTemplate\":\"https:\\\/\\\/www.applausonissan.com.br\\\/tatui\\\/?s={search_term_string}\"},\"query-input\":{\"@type\":\"PropertyValueSpecification\",\"valueRequired\":true,\"valueName\":\"search_term_string\"}}],\"inLanguage\":\"pt-BR\"}]}<\/script>\n<!-- \/ Yoast SEO plugin. -->","yoast_head_json":{"title":"Cookies - Appl\u00e0uso Nissan Tatu\u00ed","robots":{"index":"index","follow":"follow","max-snippet":"max-snippet:-1","max-image-preview":"max-image-preview:large","max-video-preview":"max-video-preview:-1"},"canonical":"https:\/\/www.applausonissan.com.br\/tatui\/cookies\/","og_locale":"pt_BR","og_type":"article","og_title":"Cookies - Appl\u00e0uso Nissan Tatu\u00ed","og_description":"Cookies Ao acessar nosso site, um cookie poder\u00e1 ser implantado no seu micro. Um cookie \u00e9 um pequeno bloco de dados que \u00e9 enviado ao seu navegador por um servidor web e gravado no disco r\u00edgido de seu micro. Esse processo n\u00e3o nos permite identificar voc\u00ea pessoalmente. Apenas faz com que gravemos informa\u00e7\u00f5es da sua ... Cookies","og_url":"https:\/\/www.applausonissan.com.br\/tatui\/cookies\/","og_site_name":"Appl\u00e0uso Nissan Tatu\u00ed","article_modified_time":"2020-10-22T05:56:33+00:00","twitter_card":"summary_large_image","twitter_misc":{"Est. tempo de leitura":"1 minuto"},"schema":{"@context":"https:\/\/schema.org","@graph":[{"@type":"WebPage","@id":"https:\/\/www.applausonissan.com.br\/tatui\/cookies\/","url":"https:\/\/www.applausonissan.com.br\/tatui\/cookies\/","name":"Cookies - Appl\u00e0uso Nissan Tatu\u00ed","isPartOf":{"@id":"https:\/\/www.applausonissan.com.br\/tatui\/#website"},"datePublished":"2020-10-22T05:55:40+00:00","dateModified":"2020-10-22T05:56:33+00:00","breadcrumb":{"@id":"https:\/\/www.applausonissan.com.br\/tatui\/cookies\/#breadcrumb"},"inLanguage":"pt-BR","potentialAction":[{"@type":"ReadAction","target":["https:\/\/www.applausonissan.com.br\/tatui\/cookies\/"]}]},{"@type":"BreadcrumbList","@id":"https:\/\/www.applausonissan.com.br\/tatui\/cookies\/#breadcrumb","itemListElement":[{"@type":"ListItem","position":1,"name":"In\u00edcio","item":"https:\/\/www.applausonissan.com.br\/tatui\/"},{"@type":"ListItem","position":2,"name":"Cookies"}]},{"@type":"WebSite","@id":"https:\/\/www.applausonissan.com.br\/tatui\/#website","url":"https:\/\/www.applausonissan.com.br\/tatui\/","name":"Appl\u00e0uso Nissan Tatu\u00ed","description":"","potentialAction":[{"@type":"SearchAction","target":{"@type":"EntryPoint","urlTemplate":"https:\/\/www.applausonissan.com.br\/tatui\/?s={search_term_string}"},"query-input":{"@type":"PropertyValueSpecification","valueRequired":true,"valueName":"search_term_string"}}],"inLanguage":"pt-BR"}]}},"_links":{"self":[{"href":"https:\/\/www.applausonissan.com.br\/tatui\/wp-json\/wp\/v2\/pages\/3753","targetHints":{"allow":["GET"]}}],"collection":[{"href":"https:\/\/www.applausonissan.com.br\/tatui\/wp-json\/wp\/v2\/pages"}],"about":[{"href":"https:\/\/www.applausonissan.com.br\/tatui\/wp-json\/wp\/v2\/types\/page"}],"author":[{"embeddable":true,"href":"https:\/\/www.applausonissan.com.br\/tatui\/wp-json\/wp\/v2\/users\/1"}],"replies":[{"embeddable":true,"href":"https:\/\/www.applausonissan.com.br\/tatui\/wp-json\/wp\/v2\/comments?post=3753"}],"version-history":[{"count":2,"href":"https:\/\/www.applausonissan.com.br\/tatui\/wp-json\/wp\/v2\/pages\/3753\/revisions"}],"predecessor-version":[{"id":3757,"href":"https:\/\/www.applausonissan.com.br\/tatui\/wp-json\/wp\/v2\/pages\/3753\/revisions\/3757"}],"wp:attachment":[{"href":"https:\/\/www.applausonissan.com.br\/tatui\/wp-json\/wp\/v2\/media?parent=3753"}],"curies":[{"name":"wp","href":"https:\/\/api.w.org\/{rel}","templated":true}]}}